 3*z**2 - 2*z**3 - 6*z**3. Let g(y) = y**3 + 8*y**2 + 8*y + 4. Let w be g(-7). Is d(w) a prime number?
False
Let y(j) be the first derivative of -629*j**5/20 - j**4/12 - j**3/6 - 20*j + 12. Let v(i) be the first derivative of y(i). Is v(-1) a prime number?
False
Suppose 637152 = -2073*a + 2105*a. Is a a composite number?
True
Suppose 5*w = -11*o + 7*o + 119971, 59990 = 2*o + 4*w. Is o composite?
False
Let r(i) = 338*i - 10. Let a be r(-5). Let w = a + 1161. Let b = -306 - w. Is b prime?
True
Suppose -k - t = 6, t + 3 = -0. Let y be (5 + -2)/((63/(-1015))/k). Let x = y + -42. Is x composite?
False
Suppose 1 = t - 17. Suppose 771 = -15*j + t*j. Is j prime?
True
Is (-78)/(-104) + (-1 - (-139599)/12) composite?
False
Suppose -210 = -8*r + 22*r. Is (-6)/r - 11/(110/(-6846)) prime?
False
Let u(m) = 145*m - 91. Let s be u(5). Let j = 3315 + s. Is j a prime number?
False
Let b = 4793 + -1588. Is b a prime number?
False
Let x(v) = v**3 - 3*v**2 + v + 3. Suppose -5*i = -2*s + 3, -2*s + s + 3*i + 1 = 0. Suppose 4*n - 28 = -g, 3*g + 0 = -2*n + s. Is x(n) a prime number?
True
Suppose -28308 = 2*w - 9*w. Let l be w/3 + (-2)/2. Suppose l = 3*b - 0*b. Is b a prime number?
True
Let g(s) = -7*s - 72. Let t be g(-15). Suppose -t = 3*x - 666. Is x composite?
False
Let c(m) = 7795*m**2 - 376*m - 1852. Is c(-5) prime?
False
Let m be 216*((-64)/6 - -8). Suppose -2*j = 4*w - 5750, -3*j + 5 = 3*w - 4315. Let n = w + m. Is n a prime number?
True
Let q(x) = 37937*x - 510. Is q(11) composite?
False
Suppose 42*y - 279*y + 335964327 = 0. Is y a prime number?
False
Let b = -12850 + 13967. Is b prime?
True
Suppose 0 = -148*t + 80*t + 5314132. Is t a composite number?
True
Let n be ((-5)/(-10))/((-1)/26056). Let m = 21747 + n. Is m composite?
False
Let w(y) = 726*y + 344. Let u be w(24). Is u + 4/2 - (6 - 7) composite?
True
Let f be 9/(-6)*(-8)/3. Let o(x) = 1128*x - 28. Let l(h) = -564*h + 15. Let t(z) = 7*l(z) + 4*o(z). Is t(f) a prime number?
False
Suppose -3*f + 2*o - 50 = -329, -3*o - 191 = -2*f. Suppose 4816 = 7*g - f. Is g a composite number?
False
Suppose 3*p + i = 3*i + 10, 17 = 3*p + 5*i. Suppose p*m - 1252 = 72. Suppose 2*o - 306 = -4*t, o - m = -o + t. Is o prime?
True
Let b = 96807 + -11031. Suppose 12081 = 9*x - b. Is x composite?
True
Suppose -b - 24102 = -2*m + 79168, -3*m = 3*b - 154932. Is m a prime number?
False
Let q = -89 - 31. Let b = 129 + q. Let a(t) = 346*t + 29. Is a(b) a composite number?
True
Suppose -6*i + 9*i - 27525 = 0. Suppose -2*z - 3*g + 18990 = 0, -3*g + i + 38282 = 5*z. Is z a composite number?
True
Let l(n) = -21 - 17*n + 13*n**2 - 9 - 2 + 15*n**2. Is l(-11) composite?
True
Let f(c) = 3*c - 10. Let g be f(13). Let w(p) = 2*p**2 - 18*p + 69. Is w(g) a prime number?
True
Let o = -3 - -5. Let q be 3708/8 - (2 - 7/o). Is q + (18/(-6) - (-4 + 0)) composite?
True
Let k = 6563 - -5941. Suppose 12*z - 4*z - k = 0. Is z prime?
False
Suppose 1843 = 3*z + 4*h, -21*h + 23*h = -5*z + 3067. Suppose 5*n - 3*j = 2690, -5*j = -2*n + 463 + z. Is n a prime number?
False
Let f(d) = -d**3 + 11*d**2 - 12*d + 11. Let p be f(7). Let g = 1214 + p. Is g composite?
True
Let a be 36 - (-5)/(-2)*(-4)/(-5). Suppose 0 = -43*x + a*x + 13239. Is x composite?
False
Suppose -6*z - 11*z + 78008 = -5839811. Is z a composite number?
True
Let h(b) = 6028*b - 1475. Is h(58) a prime number?
True
Let d be 730512/(-266) + (-2)/(-7). Let f = 6135 + d. Is f composite?
False
Let c be 9/((-27)/(-4039)) - 10/(-6). Let a = 1925 - c. Is a a composite number?
False
Let w(j) = -j**3 + 10*j**2 + j - 7. Let o be w(10). Suppose 0*u - 6312 = -u - y, 0 = o*y. Suppose u = -4*i + 12*i. Is i a prime number?
False
Suppose 7*y - 12*y + 169366 = 2*w, 0 = -4*w + 22*y + 338604. Is w a prime number?
True
Let r be (-1395)/(-285) + 4/38. Suppose 28798 = r*y - 2*b, 6*y = 9*y - b - 17278. Is y a prime number?
False
Let j = 325 - 323. Suppose -3*o + 4*r + 964 = -1139, -j*r - 2804 = -4*o. Is o a prime number?
True
Let i(x) = 1657 - 7*x - 3*x + 8*x + 0*x. Let p be i(0). Suppose 0 = 5*u - 3778 - p. Is u prime?
True
Let w(v) = 7*v + 37. Let q be w(-5). Is (49947/(-6))/((-3)/q - -1) a composite number?
False
Let z(v) = 310*v - 23. Let g(l) = -1551*l + 114. Let q(s) = -2*g(s) - 11*z(s). Suppose 5*c + 59 = 3*p + 8, -4*p = 5*c + 37. Is q(c) a prime number?
True
Let w(g) = 2*g**3 + 81*g**2 - 100*g + 40. Is w(-41) composite?
False
Let w(v) = -14*v + 126. Let u be w(9). Suppose -3*g + 898 + 1301 = u. Is g a prime number?
True
Let v(m) = 2*m + 32. Let s be v(-11). Suppose s*x = 12*x - 22. Suppose 0 = -14*u + x*u + 1182. Is u a composite number?
True
Let b = -4154 + 29245. Is b prime?
False
Let z(a) = 2059*a - 8. Let t(y) = -y + 1. Let p(o) = 5*t(o) + z(o). Let g be p(1). Suppose w - 2*r - 687 = 0, w - 4*w = -r - g. Is w prime?
True
Let b(q) = 1350*q**2 - 412*q + 48. Is b(-29) composite?
True
Suppose -12*z + 2*z - 16*z + 2091414 = 0. Is z composite?
True
Let s(q) be the second derivative of -q**3/6 + 7*q**2/2 - 16*q. Let d be s(3). Suppose -4*y + 6251 = -5*c, 4*y - d*c - 6242 = -2*c. Is y a composite number?
False
Let b(q) = -460*q - 23. Let i be b(-10). Let x = i + -2514. Is x prime?
True
Suppose j - 4*l - 1713515 = 0, 2*j - 959386 - 2467637 = l. Is j composite?
False
Suppose 5*m - 151 + 21 = 0. Let k be (65/m)/(0 + (-2)/(-4)). Let x(i) = 91*i - 4. Is x(k) composite?
True
Let j = 51223 + -35594. Is j composite?
False
Suppose -527 - 243 = -4*u - 2*g, 969 = 5*u - 4*g. Let r = u + -480. Let l = r - -429. Is l prime?
False
Let i(n) = n**3 - 16*n**2 - n + 18. Let z be i(16). Suppose 3*g = v - 1, -4*v - z*g + 0 = -4. Is 9/9*(232 - (-1)/v) a prime number?
True
Is (-349520724)/(-924) + 2/(-11) a prime number?
True
Suppose -14*u - 206626 = 10*u - 1357210. Is u prime?
False
Let v = -1572 + 17959. Is v a prime number?
False
Let z be (20267/13)/(1/(2/(-2))). Let h = -766 - z. Is h a composite number?
True
Let k(r) = -547*r - 199. Let d(z) = 3*z. Let b(v) = 6*d(v) - k(v). Is b(18) composite?
False
Let m = 95 + -69. Suppose f + 22 = m. Suppose f*y + 238 = 3906. Is y prime?
False
Suppose 2*t + 3*t - 1960 = 2*a, 0 = -3*t + 2*a + 1172. Suppose 2989*s = 2978*s + 17831. Let p = s - t. Is p prime?
False
Let d = 30881 + -6144. Is d composite?
True
Let v be ((-156)/(-117))/(4/6). Suppose 4*g - 4*d = -v*g + 31550, -2*g + 10510 = -3*d. Is g a composite number?
False
Let u be ((-2)/3 - -1) + 11/(-33). Let q(s) = 2*s**2 + 5. Let i be q(u). Suppose i*m = 7*m - 3310. Is m a prime number?
False
Let i be (-2 - 6) + (-2 - -1). Let h(n) = 161*n**2 + 15*n - 17. Is h(i) prime?
True
Suppose -23*y + 20*y - 53271 = 0. Let w = -10234 - y. Is w composite?
False
Is -1 - (1297500/(-28) + 1) - 2/7 a prime number?
True
Let b(u) = -u**3 + 8*u**2 - 17*u + 2. Let c be b(5). Let l(s) = 8*s**3 + 10*s**2 - 8*s - 26. Let w be l(c). Let p = w + 5211. Is p a prime number?
False
Let l be 9 - (-1)/(-2)*8. Let k(i) = l*i + 16 + 5*i**2 - 5*i + 14*i. Is k(-11) prime?
True
Let z(q) = -134*q - 193. Let s be z(35). Let h = s - -9084. Is h a composite number?
False
Let s(g) = -g**3 + 7*g**2 - 11*g + 35. Let m be s(5). Let f = -139 + 320. Let v = f + m. Is v prime?
True
Suppose -4*s = 2*t - 313004, 8 = -42*t + 44*t. Is s prime?
False
Let m = 324 - 329. Is (-126050)/200*(m - -1) composite?
False
Let d = -106 - -159. Suppose -36*v = -d*v + 26231. Is v composite?
False
Suppose 0 = 55*x - 51*x. Suppose x = -i - 4*i - 20. Is (714 - (-3 + 0))*(i - -5) composite?
True
Let g(r) = -r + 7. Let x be g(8). Let s = x - -3. Is 2/((-1)/(-649)*s) a prime number?
False
Suppose -f - 9531 = 4117*k - 4119*k, 3*f + 19055 = 4*k. Is k a composite number?
True
Let i be (8426/4)/(3/6) - -3. Suppose 4*s = 28036 + i. Is s composite?
True
Let u(h) = h**2 - 47*h - 128. Let c be u(-3). Is c/33 + -2 + 54163/3 a prime number?
False
Let w = -43942 - -107792. Is 14/(-5)*w/(-20) composite?
True
Suppose -3*a - 3*y + 146819 = a, 5*a - 183519 = y. Suppose u + a = 5*u. Let i = -5947 + u. Is i composite?
False
Let v = -1 + -5. Let u(q) = 1147*q + 21. Let p(l) = -382*l - 7. Let k(h) = -11*p(h) - 4*u(h). Is k(v) a prime number?
True
Let m = -81 + 83. Suppose 5*u = 5*l + 2180, -u + m*l = 3*l - 442. Is u a composite number?
False
Let v = -89750 + 180103. Is v a prime number?
True
Let m(f) = -128*f - 28. Let s be m(-2).